15, what is -10d5 + 90d?
-6c7
In base 3, what is 11020 - 100000200021?
-100000112001
In base 10, what is -44613862 - -7?
-44613855
In base 11, what is 2 - -5540aa1?
5540aa3
In base 11, what is 4561 - 5095?
-634
In base 4, what is -22232 - 101112122?
-101201020
In base 16, what is -5 + -c6de1?
-c6de6
In base 10, what is 0 - 13638486?
-13638486
In base 8, what is -63 - -10224044?
10223761
In base 6, what is 134203201 + 2?
134203203
In base 12, what is 4b1b0 + 103a?
5022a
In base 14, what is 4a + a8a631?
a8a67b
In base 4, what is 2211332231003 - 32?
2211332230311
In base 13, what is -3b63c - -cbc?
-3a650
In base 7, what is -3012 - -331526?
325514
In base 4, what is -220031101 + 321?
-220030120
In base 14, what is -b37dc0 - -5?
-b37db9
In base 5, what is 2041 + -140204?
-133113
In base 2, what is 100000010 - 10011111000100?
-10011011000010
In base 2, what is -1111011110100 + -11101111011?
-10011001101111
In base 3, what is -202101022 + 11?
-202101011
In base 14, what is 20 + -3a19d?
-3a17d
In base 13, what is -2 - 130ba658?
-130ba65a
In base 10, what is 5997260 + -251?
5997009
In base 3, what is 10200122022 + 200011?
10201022110
In base 10, what is 35 - -158642?
158677
In base 7, what is 216161 + -151?
216010
In base 15, what is 15d2 + -5010?
-392d
In base 2, what is -1 + -10000011100110101000110010?
-10000011100110101000110011
In base 12, what is -2007403b - -b?
-20074030
In base 13, what is -b69a + -33a9?
-11a76
In base 16, what is -844 + 30cc2?
3047e
In base 2, what is -1 - -110010110011011011110000101?
110010110011011011110000100
In base 4, what is -122303331011 + -20?
-122303331031
In base 15, what is -789 - a48c?
-ac26
In base 6, what is -52141310 - -50?
-52141220
In base 8, what is -5 + 4332505?
4332500
In base 5, what is 4 - -441043422?
441043431
In base 13, what is -3 + -29415665?
-29415668
In base 11, what is 160a04 + 9?
160a12
In base 11, what is -153946 + 12?
-153934
In base 3, what is -11221212011 + -201100?
-11222120111
In base 16, what is -1e + -fcfe7?
-fd005
In base 10, what is 905240 - 159?
905081
In base 9, what is -1 + -352113?
-352114
In base 14, what is 3 + 70b2d?
70b32
In base 9, what is -178 + -1707508?
-1707687
In base 15, what is -635b2 + 4?
-635ad
In base 11, what is 26593242 - 4?
26593239
In base 11, what is -451 - 23049?
-2349a
In base 13, what is -75bc + a1?
-751b
In base 7, what is 36045 + 16503?
55551
In base 9, what is 111 - 6247882?
-6247771
In base 2, what is 11111101 + -1111100100100010?
-1111100000100101
In base 4, what is 1113232032 + -130?
1113231302
In base 7, what is 12610260 - 21?
12610236
In base 16, what is 289d2 - 5a5?
2842d
In base 12, what is 83850757 - 1?
83850756
In base 3, what is 1021 + 12100102211?
12100111002
In base 16, what is -2c0 + e22?
b62
In base 10, what is 187 - -3323868?
3324055
In base 3, what is 21201 + 1012021011110?
1012021110011
In base 15, what is 240 - 98d4e?
-98b0e
In base 11, what is -2401aa0 - 12?
-2402002
In base 6, what is -1015043320 + 3?
-1015043313
In base 10, what is -989959 - 2?
-989961
In base 3, what is -1200111200210011 - -11?
-1200111200210000
In base 2, what is 1010011100110001001100 + -10?
1010011100110001001010
In base 2, what is -1 - 1000000111000100001101001?
-1000000111000100001101010
In base 4, what is -231032133322012 + 0?
-231032133322012
In base 9, what is -5 + -10322758?
-10322764
In base 16, what is -198b15 - -23?
-198af2
In base 13, what is -a105 - -230?
-9ba5
In base 15, what is b9b1b - -1?
b9b1c
In base 4, what is -13120123100312 - 3?
-13120123100321
In base 14, what is 7 + -40672aa?
-40672a3
In base 13, what is -57 - 16b107?
-16b161
In base 7, what is 3030300 - 241?
3030026
In base 15, what is 3c15 + 2c5?
3eda
In base 15, what is -1319bde - -1?
-1319bdd
In base 8, what is 156306 - -11226?
167534
In base 15, what is 4 + -1b095?
-1b091
In base 5, what is -1044222 - -1123043?
23321
In base 14, what is -1d6a93 + -3?
-1d6a96
In base 16, what is 10b613 - bc?
10b557
In base 16, what is -6 + 48ed7f6?
48ed7f0
In base 11, what is -106443 + 26?
-106418
In base 11, what is 21 + 302550?
302571
In base 13, what is -41c4b3 - -274?
-41c23c
In base 15, what is 2 - -e662de7?
e662de9
In base 7, what is -16120 + -1330?
-20450
In base 13, what is -36 + 337446?
337410
In base 5, what is 23224314 - -114?
23224433
In base 9, what is -6160016 + -4?
-6160021
In base 11, what is 1123028 + 0?
1123028
In base 9, what is -2 + 38364066?
38364064
In base 8, what is -67652623 - -3?
-67652620
In base 3, what is 102002200120212 + -111?
102002200120101
In base 4, what is -20 + 33113030302?
33113030222
In base 5, what is 30104042243 - 4?
30104042234
In base 14, what is -19402 - -36d?
-19073
In base 9, what is 10 - 283127812?
-283127802
In base 11, what is 642 + -6417?
-5885
In base 15, what is 161 + -1629e1?
-162880
In base 5, what is -10000 + -101131340?
-101141340
In base 6, what is -133101302 - 0?
-133101302
In base 14, what is 84371b + -8?
843713
In base 11, what is 4 - 3482?
-3479
In base 13, what is 195109 + 2a?
195136
In base 7, what is 1231 - -53501?
55032
In base 16, what is -45 - -1b0f5?
1b0b0
In base 11, what is 161aa + -19242?
-3043
In base 8, what is -121 + 57607?
57466
In base 10, what is 1072497 - -25?
1072522
In base 15, what is -e2 + 14a304?
14a212
In base 7, what is 1514326355 + 0?
1514326355
In base 8, what is 43003 + 3550?
46553
In base 3, what is -12 + -2121111120222202?
-2121111120222221
In base 6, what is -11211 + -3000?
-14211
In base 8, what is 1743171 + -406?
1742563
In base 7, what is 3 + 242520462?
242520465
In base 10, what is -16574787 + 7?
-16574780
In base 5, what is 13230 - -1220423?
1234203
In base 9, what is -25721 - -104684?
67863
In base 7, what is -105 - 4353630?
-4354035
In base 4, what is 1100011130 - 102?
1100011022
In base 12, what is -2 + -1094583?
-1094585
In base 3, what is 10202120 - 1101101112?
-1020121222
In base 6, what is -150314 + 1144?
-145130
In base 6, what is 13145542105 + -3?
13145542102
In base 8, what is -110356 + 4542?
-103614
In base 11, what is -8 - -a4aa73?
a4aa66
In base 4, what is 1001 - 21112132321?
-21112131320
In base 5, what is -10 + -222142000?
-222142010
In base 15, what is 0 + -dd99cc?
-dd99cc
In base 13, what is -85b17 - -8?
-85b0c
In base 4, what is -112 + 2120330110?
2120323332
In base 13, what is 52 - 303691?
-30363c
In base 7, what is 5140 - 50146?
-42006
In base 16, what is 5b - -9ce89f?
9ce8fa
In base 6, what is -1415055 - 103?
-1415202
In base 13, what is 1aba1 + 48?
1ac19
In base 3, what is -2 - 10212201021010001?
-10212201021010010
In base 10, what is 26 + -8977697?
-8977671
In base 3, what is -2200 - -222021012000?
222021002100
In base 8, what is 30004 - -1426?
31432
In base 6, what is 4502 + -22341002?
-22332100
In base 3, what is 102212 - -211200?
1021112
In base 10, what is -124997692 - -1?
-124997691
In base 7, what is -662254045 + -2?
-662254050
In base 7, what is 1045252 + 203?
1045455
In base 6, what is -10433202 + 41?
-10433121
In base 16, what is -186 + -610?
-796
In base 16, what is 22a8d8 - 2?
22a8d6
In base 4, what is -11 + 311113131313?
311113131302
In base 15, what is -12c + 1b02?
19c5
In base 2, what is -1110 + -1010000101100100010?
-1010000101100110000
In base 14, what is 8d6035 + 2?
8d6037
In base 16, what is -273 - 19?
-28c
In base 3, what is -2202001 + -20002100012?
-20012002020
In base 8, what is 163 - -4142377?
4142562
In base 3, what is -12111010000222011 + -2?
-12111010000222020
In base 9, what is 851012 + -588?
850313
In base 12, what is 2b7 + 1b37b?
1b676
In base 3, what is -22201002120222202 + 1?
-22201002120222201
In base 12, what is -44 + -5ba03b?
-5ba083
In base 14, what is 120 + -1bdc5?
-1bca5
In base 13, what is 0 - -280067a?
280067a
In base 8, what is -2035705215 + 0?
-2035705215
In base 11, what is 2366 + 21654?
23a0a
In base 3, what is 201100 - -10020111010201?
10020111212001
In base 7, what is 21444 - -203?
21650
In base 10, what is -1146 - -12498?
11352
In base 3, what is -20211220022 - 212?
-20211221011
In base 16, what is -1c1 - 2f4?
-4b5
In base 13, what is -439736 - -5?
-439731
In base 9, what is 4 - -12621707?
12621712
In base 7, what is -6365 - 4603?
-14301
In base 12, what is 21 + -5a7804?
-5a77a3
In base 6, what is -25252104 + 21?
-25252043
In base 11, what i